?
3
What is the thousands digit of 121251?
1
What is the ten thousands digit of 19353803?
5
What is the tens digit of 2432092?
9
What is the hundred thousands digit of 1563049?
5
What is the hundred thousands digit of 1188396?
1
What is the units digit of 2672267?
7
What is the hundreds digit of 385458?
4
What is the ten thousands digit of 724085?
2
What is the units digit of 4157140?
0
What is the hundreds digit of 48899?
8
What is the ten millions digit of 34814670?
3
What is the hundred thousands digit of 9742323?
7
What is the thousands digit of 854406?
4
What is the hundreds digit of 4531062?
0
What is the hundreds digit of 23842551?
5
What is the hundreds digit of 3932099?
0
What is the units digit of 8303532?
2
What is the hundred thousands digit of 1361575?
3
What is the ten thousands digit of 8464299?
6
What is the ten thousands digit of 19295925?
9
What is the thousands digit of 384213?
4
What is the tens digit of 258352?
5
What is the thousands digit of 4059911?
9
What is the hundred thousands digit of 320412?
3
What is the units digit of 14980983?
3
What is the thousands digit of 25859?
5
What is the ten thousands digit of 16106?
1
What is the tens digit of 2821766?
6
What is the hundred thousands digit of 204669?
2
What is the thousands digit of 70291?
0
What is the hundreds digit of 58070?
0
What is the ten thousands digit of 317298?
1
What is the hundred thousands digit of 6516378?
5
What is the ten thousands digit of 418125?
1
What is the ten millions digit of 30575189?
3
What is the tens digit of 499746?
4
What is the ten millions digit of 16097034?
1
What is the hundreds digit of 4423063?
0
What is the tens digit of 4306721?
2
What is the tens digit of 678738?
3
What is the hundred thousands digit of 818162?
8
What is the hundred thousands digit of 1397333?
3
What is the ten thousands digit of 4053275?
5
What is the thousands digit of 3030784?
0
What is the tens digit of 1730439?
3
What is the ten thousands digit of 213531?
1
What is the tens digit of 154264?
6
What is the hundreds digit of 4714360?
3
What is the tens digit of 3844436?
3
What is the thousands digit of 7189079?
9
What is the thousands digit of 4146989?
6
What is the tens digit of 58717?
1
What is the millions digit of 10017561?
0
What is the hundred thousands digit of 149793?
1
What is the thousands digit of 167846?
7
What is the ten thousands digit of 4302348?
0
What is the units digit of 1877205?
5
What is the ten thousands digit of 1425690?
2
What is the ten thousands digit of 1515393?
1
What is the ten thousands digit of 272799?
7
What is the ten thousands digit of 233256?
3
What is the thousands digit of 189755?
9
What is the tens digit of 102298?
9
What is the units digit of 19750978?
8
What is the tens digit of 600356?
5
What is the ten thousands digit of 13019788?
1
What is the tens digit of 205871?
7
What is the tens digit of 1002334?
3
What is the hundred thousands digit of 4047236?
0
What is the millions digit of 3564184?
3
What is the hundreds digit of 48073?
0
What is the units digit of 4856246?
6
What is the units digit of 409979?
9
What is the hundred thousands digit of 8232975?
2
What is the thousands digit of 6802060?
2
What is the ten thousands digit of 450347?
5
What is the ten thousands digit of 48234?
4
What is the units digit of 1257703?
3
What is the hundreds digit of 230010?
0
What is the units digit of 949012?
2
What is the tens digit of 4133581?
8
What is the thousands digit of 6029927?
9
What is the ten thousands digit of 9208970?
0
What is the hundred thousands digit of 11087990?
0
What is the tens digit of 544824?
2
What is the hundreds digit of 12454471?
4
What is the thousands digit of 254428?
4
What is the hundred thousands digit of 1454223?
4
What is the hundred thousands digit of 22018051?
0
What is the hundred thousands digit of 522779?
5
What is the units digit of 260437?
7
What is the ten thousands digit of 286578?
8
What is the hundreds digit of 2847298?
2
What is the millions digit of 8230276?
8
What is the thousands digit of 299300?
9
What is the ten thousands digit of 354234?
5
What is the hundred thousands digit of 4325853?
3
What is the ten thousands digit of 4361286?
6
What is the units digit of 1582805?
5
What is the ten thousands digit of 143651?
4
What is the ten thousands digit of 938658?
3
What is the millions digit of 7384652?
7
What is the tens digit of 2046870?
7
What is the ten millions digit of 25134871?
2
What is the tens digit of 460137?
3
What is the ten thousands digit of 120726?
2
What is the millions digit of 3308812?
3
What is the ten millions digit of 25685762?
2
What is the hundred thousands digit of 737026?
7
What is the tens digit of 4126588?
8
What is the units digit of 4473504?
4
What is the hundred thousands digit of 1972419?
9
What is the thousands digit of 20851035?
1
What is the thousands digit of 239513?
9
What is the ten thousands digit of 235022?
3
What is the thousands digit of 92447?
2
What is the hundred thousands digit of 10590252?
5
What is the ten thousands digit of 5177713?
7
What is the hundreds digit of 287557?
5
What is the hundred thousands digit of 795123?
7
What is the ten thousands digit of 14258?
1
What is the tens digit of 305120?
2
What is the thousands digit of 151975?
1
What is the ten thousands digit of 472334?
7
What is the hundreds digit of 8011986?
9
What is the units digit of 254983?
3
What is the tens digit of 3255139?
3
What is the thousands digit of 272743?
2
What is the thousands digit of 1363768?
3
What is the hundred thousands digit of 1054578?
0
What is the ten millions digit of 11292701?
1
What is the ten thousands digit of 1140209?
4
What is the tens digit of 2627011?
1
What is the hundred thousands digit of 5741890?
7
What is the ten thousands digit of 150504?
5
What is the hundreds digit of 17599587?
5
What is the millions digit of 4030685?
4
What is the thousands digit of 5835983?
5
What is the tens digit of 1354289?
8
What is the tens digit of 9741287?
8
What is the millions digit of 20123159?
0
What is the millions digit of 13517262?
3
What is the ten thousands digit of 243808?
4
What is the hundreds digit of 3366118?
1
What is the ten thousands digit of 1446632?
4
What is the units digit of 4412552?
2
What is the hundreds digit of 158370?
3
What is the hundred thousands digit of 6239993?
2
What is the tens digit of 83345?
4
What is the hundreds digit of 92680?
6
What is the hundred thousands digit of 32667688?
6
What is the hundreds digit of 6014598?
5
What is the tens digit of 516834?
3
What is the ten thousands digit of 119307?
1
What is the units digit of 535119?
9
What is the ten millions digit of 16449712?
1
What is the hundreds digit of 25740137?
1
What is the ten thousands digit of 211649?
1
What is the millions digit of 7142102?
7
What is the tens digit of 3677666?
6
What is the hundreds digit of 3824274?
2
What is the hundreds digit of 4343626?
6
What is the hundred thousands digit of 649712?
6
What is the tens digit of 2431628?
2
What is the tens digit of 114888?
8
What is the tens digit of 344274?
7
What is the ten thousands digit of 469724?
6
What is the hundred thousands digit of 445910?
4
What is the hundreds digit of 260659?
6
What is the hundreds digit of 72875?
8
What is the hundred thousands digit of 221488?
2
What is the tens digit of 588183?
8
What is the thousands digit of 3763777?
3
What is the hundreds digit of 110456?
4
What is the tens digit of 1565536?
3
What is the hundreds digit of 601300?
3
What is the hundreds digit of 19013136?
1
What is the units digit of 11959471?
1
What is the ten thousands digit of 9326523?
2
What is the hundred thousands digit of 2827063?
8
What is the hundred thousands digit of 6895280?
8
What is the hundred thousands digit of 785402?
7
What is the hundreds digit of 53601?
6
What is the thousands digit of 6642339?
2
What is the tens digit of 606508?
0
What is the thousands digit of 246774?
6
What is the ten thousands digit of 22648386?
4
What is the tens digit of 15002184?
8
What is the hundred thousands digit of 349543?
3
What is the hundreds digit of 305838?
8
What is the units digit of 886682?
2
What is the hundreds digit of 42651?
6
What is the hundreds digit of 3230276?
2
What is the te